
What is the greatest common divisor of 230542 and 156?
26
What is the greatest common factor of 8484 and 91?
7
Calculate the highest common divisor of 611 and 200267.
47
Calculate the greatest common divisor of 40824 and 108.
108
Calculate the highest common divisor of 1131 and 97708.
13
Calculate the highest common divisor of 2115 and 1887285.
705
What is the greatest common factor of 6720 and 6090?
210
What is the highest common divisor of 1004 and 326?
2
Calculate the highest common factor of 19344 and 31248.
1488
What is the highest common factor of 18871 and 339?
113
What is the highest common divisor of 826437 and 246?
123
Calculate the highest common divisor of 116340 and 770.
70
What is the highest common factor of 48 and 3210852?
12
Calculate the greatest common divisor of 9 and 333873.
9
Calculate the greatest common divisor of 82167 and 122.
61
What is the greatest common factor of 111565 and 265?
265
Calculate the greatest common factor of 1043522 and 186.
62
Calculate the greatest common factor of 260 and 12190880.
260
What is the greatest common divisor of 11868 and 48?
12
Calculate the greatest common divisor of 355893 and 1455.
291
What is the greatest common factor of 3604 and 646?
34
What is the highest common factor of 7733 and 1111?
11
What is the highest common factor of 132 and 891?
33
What is the greatest common divisor of 88572 and 1331?
121
Calculate the highest common divisor of 479 and 11699575.
479
Calculate the highest common factor of 2921 and 13777.
23
Calculate the highest common divisor of 6860 and 210259.
343
What is the highest common divisor of 173237 and 573?
191
What is the greatest common divisor of 47101 and 209?
19
Calculate the highest common divisor of 6 and 182385.
3
What is the greatest common factor of 16 and 74364?
4
What is the highest common factor of 101 and 3466825?
101
What is the highest common divisor of 32 and 1444?
4
Calculate the highest common divisor of 27661 and 27244.
139
Calculate the greatest common factor of 181103 and 533.
13
Calculate the highest common divisor of 44584 and 36.
4
What is the greatest common divisor of 53 and 16483?
53
What is the highest common factor of 58828 and 76?
4
What is the highest common factor of 689 and 2851771?
689
What is the highest common factor of 22589 and 4655?
49
Calculate the highest common divisor of 426 and 2396463.
213
What is the greatest common factor of 21 and 154713?
3
Calculate the highest common factor of 4246 and 16412.
22
Calculate the highest common divisor of 208044 and 8.
4
Calculate the greatest common divisor of 47642 and 24983.
581
What is the greatest common divisor of 10373 and 6478?
41
What is the highest common divisor of 41 and 1941391?
41
What is the greatest common factor of 141670 and 7769?
457
What is the highest common factor of 20730 and 606?
6
What is the greatest common divisor of 325 and 1765?
5
What is the highest common divisor of 8704 and 10302?
34
What is the highest common factor of 879 and 16904049?
879
Calculate the greatest common factor of 27952 and 128.
16
What is the greatest common factor of 780486 and 42?
42
Calculate the greatest common factor of 68941 and 639.
71
Calculate the greatest common factor of 40 and 1080232.
8
What is the highest common factor of 80 and 553940?
20
What is the highest common divisor of 38223 and 2635?
31
Calculate the greatest common divisor of 3078 and 6897.
57
Calculate the greatest common divisor of 81055 and 91.
13
What is the greatest common divisor of 17303 and 26?
13
What is the greatest common divisor of 374 and 180224?
22
What is the highest common divisor of 627 and 3014?
11
What is the greatest common factor of 30 and 19130?
10
What is the highest common factor of 992 and 57908?
124
Calculate the highest common divisor of 1041 and 69.
3
What is the greatest common factor of 7900 and 869?
79
Calculate the highest common divisor of 1601696 and 24.
8
What is the greatest common factor of 211323 and 11571?
609
Calculate the greatest common divisor of 854 and 4361378.
854
Calculate the highest common divisor of 17813 and 2726.
47
Calculate the highest common divisor of 329 and 43015.
7
Calculate the greatest common divisor of 242 and 7282.
22
Calculate the highest common factor of 40310 and 410.
10
What is the greatest common divisor of 6200 and 817780?
620
Calculate the greatest common divisor of 148351 and 49.
7
What is the greatest common divisor of 54716 and 32?
4
Calculate the greatest common divisor of 182 and 150.
2
Calculate the highest common factor of 8844 and 7920.
132
Calculate the highest common divisor of 1204 and 1498.
14
What is the highest common factor of 28126 and 41902?
574
What is the greatest common factor of 445024 and 32?
32
Calculate the highest common factor of 6715 and 3145.
85
Calculate the greatest common divisor of 3538 and 1586.
122
Calculate the greatest common divisor of 558 and 24738.
186
Calculate the greatest common factor of 315984 and 80.
16
Calculate the highest common divisor of 70832 and 114.
38
What is the highest common factor of 23556 and 24?
12
Calculate the greatest common factor of 266277 and 132.
33
What is the highest common factor of 135 and 3333?
3
What is the greatest common factor of 107502 and 492?
246
What is the greatest common divisor of 6220 and 396836?
1244
What is the greatest common divisor of 238890 and 120?
30
Calculate the greatest common factor of 34551 and 33.
33
Calculate the greatest common divisor of 520 and 75660.
260
What is the greatest common factor of 243 and 14418?
81
Calculate the greatest common factor of 92645 and 35.
35
Calculate the highest common factor of 6004 and 17233.
19
Calculate the highest common divisor of 98625 and 2600.
25
What is the greatest common factor of 576 and 3781056?
192
Calculate the greatest common divisor of 146405 and 1175.
235
Calculate the greatest common factor of 972 and 38448.
108
Calculate the highest common divisor of 1050 and 4202100.
1050
Calculate the greatest common divisor of 1078 and 10010.
154
What is the greatest common factor of 1368 and 2907?
171
Calculate the highest common factor of 45 and 43565.
5
Calculate the greatest common factor of 11811 and 14601.
93
Calculate the highest common factor of 2904 and 80520.
264
Calculate the greatest common divisor of 10132 and 1088.
68
Calculate the greatest common factor of 82872 and 8.
8
What is the greatest common divisor of 2822856 and 48?
24
Calculate the highest common factor of 172584 and 204.
204
Calculate the greatest common factor of 23256 and 74664.
1224
What is the highest common factor of 112000 and 99000?
1000
What is the greatest common factor of 116 and 5147123?
29
What is the highest common factor of 82557 and 30?
3
Calculate the greatest common divisor of 780 and 145470.
390
Calculate the highest common divisor of 193 and 520328.
193
What is the greatest common divisor of 229632 and 3?
3
Calculate the greatest common divisor of 263 and 2610538.
263
What is the greatest common divisor of 2572642 and 46?
46
Calculate the greatest common divisor of 15 and 1505595.
15
Calculate the highest common divisor of 805 and 1505.
35
What is the highest common divisor of 1352 and 71864?
104
Calculate the greatest common divisor of 238056 and 40.
8
Calculate the highest common divisor of 101 and 2446523.
101
What is the highest common factor of 528533 and 101?
101
Calculate the greatest common factor of 57893 and 13376.
209
Calculate the highest common divisor of 81684 and 36.
36
Calculate the greatest common factor of 10624 and 19256.
664
Calculate the highest common factor of 750 and 7550.
50
What is the greatest common divisor of 1472 and 1024?
64
What is the highest common factor of 1350 and 3400?
50
What is the greatest common factor of 70 and 325010?
70
What is the greatest common factor of 96 and 2401456?
16
What is the highest common divisor of 216 and 397791?
27
Calculate the greatest common factor of 66 and 56276.
22
Calculate the highest common divisor of 272 and 39763.
17
Calculate the highest common divisor of 1026150 and 200.
50
What is the highest common factor of 96 and 152?
8
Calculate the greatest common factor of 7648 and 82216.
1912
What is the greatest common factor of 675808 